{"id":879,"date":"2026-04-17T11:36:05","date_gmt":"2026-04-17T09:36:05","guid":{"rendered":"https:\/\/aukcje.lumik.pl\/?post_type=product&#038;p=879"},"modified":"2026-04-17T11:36:05","modified_gmt":"2026-04-17T09:36:05","slug":"k-wyrob-jubilerski-uzywany-448g-pr-375","status":"publish","type":"product","link":"https:\/\/aukcje.lumik.pl\/?product=k-wyrob-jubilerski-uzywany-448g-pr-375","title":{"rendered":"K wyr\u00f3b jubilerski u\u017cywany &#8211; 4,48g pr.375"},"content":{"rendered":"<p>Przedmiot licytacji:<\/p>\n<p>wyr\u00f3b jubilerski u\u017cywany &#8211; 4,48g pr.375<\/p>\n<p>stan bardzo \u0142adny<\/p>\n<p>Przedmiot znajduje si\u0119 w oddziale:<br \/>\nKALISZ (62-800), ul. Staszica 32. telefon: 513484820, godziny otwarcia pon-pt 9-17, sobota 9-14.<\/p>\n<p>Strona internetowa aukcje.lumik.pl prezentuje aukcje przedmiot\u00f3w zabezpieczenia lombardowego pochodz\u0105cych z zako\u0144czonych um\u00f3w konsumenckich po\u017cyczek lombardowych. Organizatorem aukcji jest podmiot udzielaj\u0105cy po\u017cyczek (przedsi\u0119biorca prowadz\u0105cy dzia\u0142alno\u015b\u0107 lombardow\u0105) a sprzeda\u017c realizowana jest w imieniu i na rzecz po\u017cyczkobiorcy, b\u0119d\u0105cego w\u0142a\u015bcicielem danego przedmiotu.<\/p>\n<p>Uwaga! Przedsi\u0119biorca prowadz\u0105cy dzia\u0142alno\u015b\u0107 lombardow\u0105 nie jest Sprzedawc\u0105. Poniewa\u017c sprzedawc\u0105 jest osoba fizyczna oznacza to, \u017ce Kupuj\u0105cy (bior\u0105cy udzia\u0142 w licytacji) nie jest obj\u0119ty ochron\u0105 praw konsumenta uregulowan\u0105 w Ustawie z dnia 30 maja 2014 r. o prawach konsumenta (Dz. U. z 2014 r. poz. 827, ze zm.).<\/p>\n<p>Oznacza to, \u017ce kupuj\u0105cy (bior\u0105cy udzia\u0142 w licytacji):<\/p>\n<p>nie ma prawa do odst\u0105pienia od umowy z powodu niezgodno\u015bci towaru z umow\u0105,<br \/>\nnie ma prawa do naprawy i wymiany przedmiotu,<br \/>\nnie ma prawa do \u017c\u0105dania obni\u017cenia ceny sprzeda\u017cy,<br \/>\nnie ma prawa do odst\u0105pienia od umowy w terminie 14 dni od jej zawarcia<br \/>\nNa sprzedawane przedmioty nie jest udzielana gwarancja, a Sprzedawca wy\u0142\u0105cza odpowiedzialno\u015bci z tytu\u0142u r\u0119kojmi.<br \/>\nOdbi\u00f3r wylicytowanego przedmiotu odbywa si\u0119 tylko i wy\u0142\u0105cznie osobi\u015bcie w miejscu jego przechowywania wskazanym przy konkretnej aukcji. SPRZEDA\u017b WYSY\u0141KOWA NIE JEST REALIZOWANA!<\/p>\n","protected":false},"excerpt":{"rendered":"<p>Przedmiot licytacji: wyr\u00f3b jubilerski u\u017cywany &#8211; 4,48g pr.375 stan bardzo \u0142adny Przedmiot znajduje si\u0119 w oddziale: KALISZ (62-800), ul. Staszica 32. telefon: 513484820, godziny otwarcia pon-pt 9-17, sobota 9-14. Strona internetowa aukcje.lumik.pl prezentuje aukcje przedmiot\u00f3w zabezpieczenia lombardowego pochodz\u0105cych z zako\u0144czonych um\u00f3w konsumenckich po\u017cyczek lombardowych. Organizatorem aukcji jest podmiot udzielaj\u0105cy po\u017cyczek (przedsi\u0119biorca prowadz\u0105cy dzia\u0142alno\u015b\u0107 lombardow\u0105) a [&hellip;]<\/p>\n","protected":false},"featured_media":880,"template":"","meta":{"_acf_changed":false},"product_cat":[],"product_tag":[],"class_list":{"0":"post-879","1":"product","2":"type-product","3":"status-publish","4":"has-post-thumbnail","7":"first","8":"instock","9":"sold-individually","10":"shipping-taxable","11":"product-type-auction"},"acf":[],"_links":{"self":[{"href":"https:\/\/aukcje.lumik.pl\/index.php?rest_route=\/wp\/v2\/product\/879","targetHints":{"allow":["GET"]}}],"collection":[{"href":"https:\/\/aukcje.lumik.pl\/index.php?rest_route=\/wp\/v2\/product"}],"about":[{"href":"https:\/\/aukcje.lumik.pl\/index.php?rest_route=\/wp\/v2\/types\/product"}],"wp:featuredmedia":[{"embeddable":true,"href":"https:\/\/aukcje.lumik.pl\/index.php?rest_route=\/wp\/v2\/media\/880"}],"wp:attachment":[{"href":"https:\/\/aukcje.lumik.pl\/index.php?rest_route=%2Fwp%2Fv2%2Fmedia&parent=879"}],"wp:term":[{"taxonomy":"product_cat","embeddable":true,"href":"https:\/\/aukcje.lumik.pl\/index.php?rest_route=%2Fwp%2Fv2%2Fproduct_cat&post=879"},{"taxonomy":"product_tag","embeddable":true,"href":"https:\/\/aukcje.lumik.pl\/index.php?rest_route=%2Fwp%2Fv2%2Fproduct_tag&post=879"}],"curies":[{"name":"wp","href":"https:\/\/api.w.org\/{rel}","templated":true}]}}